{"id":461,"date":"2023-04-30T16:40:04","date_gmt":"2023-04-30T16:40:04","guid":{"rendered":"https:\/\/coremedia-usergroup.com\/?page_id=461"},"modified":"2023-05-04T12:01:03","modified_gmt":"2023-05-04T12:01:03","slug":"faq","status":"publish","type":"page","link":"https:\/\/coremedia-usergroup.com\/de\/faq","title":{"rendered":"FAQ"},"content":{"rendered":"<h2 class=\"wp-block-heading\">Allgemein<\/h2>\n\n\n\n<h3 class=\"wp-block-heading\">Wer steckt hinter der Benutzergruppe?<\/h3>\n\n\n\n<p>Die User Group ist eine unabh\u00e4ngige Veranstaltung f\u00fcr Nutzer von CoreMedia CMS. Sie wird von Christian Weber organisiert. Co-Moderator ist Oleg Novychny.<\/p>\n\n\n\n<h3 class=\"wp-block-heading\">Wie kann ich Mitglied werden?<\/h3>\n\n\n\n<p>Registrieren <a href=\"https:\/\/coremedia-usergroup.com\/de\/#anmeldung\">hier<\/a> und du wirst unseren Newsletter mit regelm\u00e4\u00dfigen Einladungen zu unseren Veranstaltungen erhalten. Die Teilnahme ist kostenlos.<\/p>\n\n\n\n<h3 class=\"wp-block-heading\">Wie kann ich mich beteiligen?<\/h3>\n\n\n\n<p>Es gibt viele M\u00f6glichkeiten, wie du uns unterst\u00fctzen kannst:<\/p>\n\n\n\n<ul class=\"wp-block-list\">\n<li>Werde ein <strong>Sprecher<\/strong> mit einer Pr\u00e4sentation bei einem unserer Usergroup-Treffen. Erz\u00e4hle uns von einem interessanten Projekt, Werkzeug oder einer Technik, die du in deinen CoreMedia-Projekten einsetzt.<\/li>\n\n\n\n<li>Als <strong>Gastgeber<\/strong>kannst du oder dein Unternehmen ein User Group Meeting in deiner Stadt veranstalten. Du stellst den Raum und die Pizza, wir liefern spannende Inhalte. Bring dein Team mit und triff andere Gleichgesinnte in deiner Region.<\/li>\n\n\n\n<li>Als ein <strong>Autor<\/strong>kannst du uns mit Blogbeitr\u00e4gen zu relevanten Themen unterst\u00fctzen. Wir werden deine Artikel gerne auf unserer Website oder in unserem Newsletter ver\u00f6ffentlichen.<\/li>\n<\/ul>\n\n\n\n<h3 class=\"wp-block-heading\">In welcher Sprache finden die Treffen statt?<\/h3>\n\n\n\n<p>Wir haben eine gro\u00dfe deutschsprachige Community und w\u00fcrden auch Nutzer aus anderen Sprachen ansprechen. Je nach angemeldeten Teilnehmern sprechen wir entweder auf Deutsch oder Englisch. Einige Pr\u00e4sentationen werden jedoch auf Deutsch gehalten.<\/p>\n\n\n\n<h2 class=\"wp-block-heading\">Hosts<\/h2>\n\n\n\n<h3 class=\"wp-block-heading\">Wie werde ich Gastgeber eines Treffens?<\/h3>\n\n\n\n<p>Nimm Kontakt mit uns auf und wir werden uns bei dir melden, um m\u00f6gliche Themen und Termine zu besprechen. Du solltest einen Raum f\u00fcr etwa 20 Personen mit Pr\u00e4sentationstechnik zur Verf\u00fcgung stellen. Wir stellen auch gerne Getr\u00e4nke und Pizza zur Verf\u00fcgung. Du kannst sowohl mit deinem Team als auch mit anderen Mitgliedern der Benutzergruppe aus deiner Region an der Veranstaltung teilnehmen. Dies ist eine hervorragende Gelegenheit, Gleichgesinnte zu treffen.<\/p>\n\n\n\n<h2 class=\"wp-block-heading\">Referenten<\/h2>\n\n\n\n<h3 class=\"wp-block-heading\">Wie werde ich Sprecher f\u00fcr die CoreMedia User Group?<\/h3>\n\n\n\n<p>Verwenden Sie die <a href=\"https:\/\/coremedia-usergroup.com\/de\/become-speaker\/\">Kontakt-Formular<\/a> um uns das Thema zu schicken, zu dem du einen Vortrag halten m\u00f6chtest. Wir werden uns mit dir in Verbindung setzen und einen Termin vereinbaren. Wir helfen dir auch gerne bei der Vorbereitung deines Themas.<\/p>\n\n\n\n<h3 class=\"wp-block-heading\">Warum sollte ich eine Pr\u00e4sentation halten?<\/h3>\n\n\n\n<p>Das Motto unserer Community ist \"von Nutzern f\u00fcr Nutzer\". Unsere Gespr\u00e4che kommen direkt von Menschen wie dir, die jeden Tag mit CoreMedia arbeiten, ein Projekt programmieren oder ein System betreiben. Teile deine Erfahrungen und hole dir wertvolles Feedback, neue Ideen und nicht zuletzt auch Ansehen und Anerkennung.<\/p>\n\n\n\n<h3 class=\"wp-block-heading\">Wie lang sollte eine Pr\u00e4sentation sein?<\/h3>\n\n\n\n<p>So kurz wie m\u00f6glich! 20 Minuten sind genug. Dein Vortrag kann eine Pr\u00e4sentation oder eine Live-Session sein.<\/p>\n\n\n\n<h3 class=\"wp-block-heading\">Wird der Vortrag aufgezeichnet?<\/h3>\n\n\n\n<p>Wenn du einverstanden bist, nehmen wir den Vortrag auf und stellen ihn sp\u00e4ter als Video auf YouTube ein. Du kannst dir hier Videos von einigen unserer fr\u00fcheren Vortr\u00e4ge ansehen: <a href=\"https:\/\/www.youtube.com\/@coremediausergroup66\">https:\/\/www.youtube.com\/@coremediausergroup66<\/a><\/p>\n\n\n\n<h3 class=\"wp-block-heading\">In welcher Sprache soll die Pr\u00e4sentation sein?<\/h3>\n\n\n\n<p>Vorzugsweise auf Englisch. Da wir eine gro\u00dfe deutschsprachige Nutzergemeinschaft haben, sind auch Pr\u00e4sentationen auf Deutsch willkommen.<\/p>","protected":false},"excerpt":{"rendered":"<p>Allgemein Wer steckt hinter der User Group? Die User Group ist eine unabh\u00e4ngige Veranstaltung f\u00fcr Nutzer von CoreMedia CMS. Sie wird von Christian Weber organisiert. Co-Moderator ist Oleg Novychny. Wie ...<\/p>","protected":false},"author":3,"featured_media":0,"parent":0,"menu_order":0,"comment_status":"closed","ping_status":"closed","template":"","meta":{"content-type":"","ngg_post_thumbnail":0,"footnotes":""},"class_list":["post-461","page","type-page","status-publish","hentry"],"_links":{"self":[{"href":"https:\/\/coremedia-usergroup.com\/de\/wp-json\/wp\/v2\/pages\/461"}],"collection":[{"href":"https:\/\/coremedia-usergroup.com\/de\/wp-json\/wp\/v2\/pages"}],"about":[{"href":"https:\/\/coremedia-usergroup.com\/de\/wp-json\/wp\/v2\/types\/page"}],"author":[{"embeddable":true,"href":"https:\/\/coremedia-usergroup.com\/de\/wp-json\/wp\/v2\/users\/3"}],"replies":[{"embeddable":true,"href":"https:\/\/coremedia-usergroup.com\/de\/wp-json\/wp\/v2\/comments?post=461"}],"version-history":[{"count":6,"href":"https:\/\/coremedia-usergroup.com\/de\/wp-json\/wp\/v2\/pages\/461\/revisions"}],"predecessor-version":[{"id":494,"href":"https:\/\/coremedia-usergroup.com\/de\/wp-json\/wp\/v2\/pages\/461\/revisions\/494"}],"wp:attachment":[{"href":"https:\/\/coremedia-usergroup.com\/de\/wp-json\/wp\/v2\/media?parent=461"}],"curies":[{"name":"wp","href":"https:\/\/api.w.org\/{rel}","templated":true}]}}

<h2 class="wp-block-heading">Allgemein</h2>



<h3 class="wp-block-heading">Wer steckt hinter der Benutzergruppe?</h3>



<p>Die User Group ist eine unabhängige Veranstaltung für Nutzer von CoreMedia CMS. Sie wird von Christian Weber organisiert. Co-Moderator ist Oleg Novychny.</p>



<h3 class="wp-block-heading">Wie kann ich Mitglied werden?</h3>



<p>Registrieren <a href="https://coremedia-usergroup.com/de/#anmeldung">hier</a> und du wirst unseren Newsletter mit regelmäßigen Einladungen zu unseren Veranstaltungen erhalten. Die Teilnahme ist kostenlos.</p>



<h3 class="wp-block-heading">Wie kann ich mich beteiligen?</h3>



<p>Es gibt viele Möglichkeiten, wie du uns unterstützen kannst:</p>



<ul class="wp-block-list">
<li>Werde ein <strong>Sprecher</strong> mit einer Präsentation bei einem unserer Usergroup-Treffen. Erzähle uns von einem interessanten Projekt, Werkzeug oder einer Technik, die du in deinen CoreMedia-Projekten einsetzt.</li>



<li>Als <strong>Gastgeber</strong>kannst du oder dein Unternehmen ein User Group Meeting in deiner Stadt veranstalten. Du stellst den Raum und die Pizza, wir liefern spannende Inhalte. Bring dein Team mit und triff andere Gleichgesinnte in deiner Region.</li>



<li>Als ein <strong>Autor</strong>kannst du uns mit Blogbeiträgen zu relevanten Themen unterstützen. Wir werden deine Artikel gerne auf unserer Website oder in unserem Newsletter veröffentlichen.</li>
</ul>



<h3 class="wp-block-heading">In welcher Sprache finden die Treffen statt?</h3>



<p>Wir haben eine große deutschsprachige Community und würden auch Nutzer aus anderen Sprachen ansprechen. Je nach angemeldeten Teilnehmern sprechen wir entweder auf Deutsch oder Englisch. Einige Präsentationen werden jedoch auf Deutsch gehalten.</p>



<h2 class="wp-block-heading">Hosts</h2>



<h3 class="wp-block-heading">Wie werde ich Gastgeber eines Treffens?</h3>



<p>Nimm Kontakt mit uns auf und wir werden uns bei dir melden, um mögliche Themen und Termine zu besprechen. Du solltest einen Raum für etwa 20 Personen mit Präsentationstechnik zur Verfügung stellen. Wir stellen auch gerne Getränke und Pizza zur Verfügung. Du kannst sowohl mit deinem Team als auch mit anderen Mitgliedern der Benutzergruppe aus deiner Region an der Veranstaltung teilnehmen. Dies ist eine hervorragende Gelegenheit, Gleichgesinnte zu treffen.</p>



<h2 class="wp-block-heading">Referenten</h2>



<h3 class="wp-block-heading">Wie werde ich Sprecher für die CoreMedia User Group?</h3>



<p>Verwenden Sie die <a href="https://coremedia-usergroup.com/de/become-speaker/">Kontakt-Formular</a> um uns das Thema zu schicken, zu dem du einen Vortrag halten möchtest. Wir werden uns mit dir in Verbindung setzen und einen Termin vereinbaren. Wir helfen dir auch gerne bei der Vorbereitung deines Themas.</p>



<h3 class="wp-block-heading">Warum sollte ich eine Präsentation halten?</h3>



<p>Das Motto unserer Community ist "von Nutzern für Nutzer". Unsere Gespräche kommen direkt von Menschen wie dir, die jeden Tag mit CoreMedia arbeiten, ein Projekt programmieren oder ein System betreiben. Teile deine Erfahrungen und hole dir wertvolles Feedback, neue Ideen und nicht zuletzt auch Ansehen und Anerkennung.</p>



<h3 class="wp-block-heading">Wie lang sollte eine Präsentation sein?</h3>



<p>So kurz wie möglich! 20 Minuten sind genug. Dein Vortrag kann eine Präsentation oder eine Live-Session sein.</p>



<h3 class="wp-block-heading">Wird der Vortrag aufgezeichnet?</h3>



<p>Wenn du einverstanden bist, nehmen wir den Vortrag auf und stellen ihn später als Video auf YouTube ein. Du kannst dir hier Videos von einigen unserer früheren Vorträge ansehen: <a href="https://www.youtube.com/@coremediausergroup66">https://www.youtube.com/@coremediausergroup66</a></p>



<h3 class="wp-block-heading">In welcher Sprache soll die Präsentation sein?</h3>



<p>Vorzugsweise auf Englisch. Da wir eine große deutschsprachige Nutzergemeinschaft haben, sind auch Präsentationen auf Deutsch willkommen.</p>

<p>Allgemein Wer steckt hinter der User Group? Die User Group ist eine unabhängige Veranstaltung für Nutzer von CoreMedia CMS. Sie wird von Christian Weber organisiert. Co-Moderator ist Oleg Novychny. Wie ...</p>
